{"id":2,"date":"2016-02-03T04:08:41","date_gmt":"2016-02-03T04:08:41","guid":{"rendered":"http:\/\/wp442m.a10-52-158-154.qa.plesk.ru\/wordpress\/?page_id=2"},"modified":"2016-03-20T10:53:26","modified_gmt":"2016-03-20T10:53:26","slug":"sample-page","status":"publish","type":"page","link":"https:\/\/delsudeste.com\/","title":{"rendered":"Inicio"},"content":{"rendered":"<table>\n<tbody>\n<tr>\n<td>&nbsp;<\/p>\n<p>&nbsp;<\/p>\n<p><img loading=\"lazy\" decoding=\"async\" class=\"wp-image-85 alignleft\" src=\"http:\/\/delsudeste.com\/wp-content\/uploads\/2016\/03\/cropped-DSC_0333-2-1-300x34.jpg\" alt=\"cropped-DSC_0333-2-1.jpg\" width=\"816\" height=\"92\" srcset=\"https:\/\/delsudeste.com\/wp-content\/uploads\/2016\/03\/cropped-DSC_0333-2-1-300x34.jpg 300w, https:\/\/delsudeste.com\/wp-content\/uploads\/2016\/03\/cropped-DSC_0333-2-1-768x88.jpg 768w, https:\/\/delsudeste.com\/wp-content\/uploads\/2016\/03\/cropped-DSC_0333-2-1-1024x117.jpg 1024w, https:\/\/delsudeste.com\/wp-content\/uploads\/2016\/03\/cropped-DSC_0333-2-1-250x29.jpg 250w, https:\/\/delsudeste.com\/wp-content\/uploads\/2016\/03\/cropped-DSC_0333-2-1-150x17.jpg 150w, https:\/\/delsudeste.com\/wp-content\/uploads\/2016\/03\/cropped-DSC_0333-2-1.jpg 1050w\" sizes=\"auto, (max-width: 816px) 100vw, 816px\" \/><\/p>\n<p>&nbsp;<\/p>\n<p>&nbsp;<\/p>\n<p>&nbsp;<\/p>\n<p>&nbsp;<\/p>\n<p>&nbsp;<\/p>\n<p style=\"text-align: left;\">Bienvenido al sitio web de nuestro Estudio de Grabaci\u00f3n y Productora Musical.<\/p>\n<p style=\"text-align: left;\">Aqu\u00ed encontrar\u00e1s toda la informaci\u00f3n necesaria sobre nuestro trabajo, las instalaciones, los equipos e instrumentos, los artistas que han trabajado con nosotros y nuestras tarifas.<\/p>\n<p style=\"text-align: left;\">Contamos con m\u00e1s de treinta a\u00f1os de experiencia en la grabaci\u00f3n musical en casi todos sus formatos.<\/p>\n<p style=\"text-align: left;\">Hemos construido y trabajado en estudios en varias ciudades del mundo, de esta manera hemos aprendido y mejorado nuestro trabajo, nuestra pasi\u00f3n, y seguimos haci\u00e9ndolo con cada nuevo artista que nos conf\u00eda la realizaci\u00f3n de su proyecto musical.<\/p>\n<p style=\"text-align: left;\">Estamos especializados en la grabaci\u00f3n de m\u00fasica ac\u00fastica: Cl\u00e1sica, Jazz, Funk, Rock, R&amp;B, etc.<\/p>\n<p style=\"text-align: left;\">Tambi\u00e9n realizamos proyectos de Electr\u00f3nica y Experimentales.<\/p>\n<p style=\"text-align: left;\">La calidad de nuestro sonido debe hablar por s\u00ed misma. En la p\u00e1gina <a href=\"http:\/\/delsudeste.com\/?page_id=11\">ESTUDIO<\/a> se pueden escuchar muestras de nuestros trabajos.<\/p>\n<p style=\"text-align: left;\">Para cualquier informaci\u00f3n adicional o solicitar una cita para visitar el estudio solo tienes que contactarnos.<\/p>\n<p style=\"text-align: left;\">\u00a0Estamos en Rivas Vaciamadrid, Madrid, a solo quince minutos de Atocha.<\/p>\n<\/td>\n<\/tr>\n<\/tbody>\n<\/table>\n","protected":false},"excerpt":{"rendered":"<p>&nbsp; &nbsp; &nbsp; &nbsp; &nbsp; &nbsp; &nbsp; Bienvenido al sitio web de nuestro Estudio de Grabaci\u00f3n y Productora Musical. Aqu\u00ed encontrar\u00e1s toda la informaci\u00f3n necesaria sobre nuestro trabajo, las instalaciones, los equipos e instrumentos, los artistas que han trabajado con nosotros y nuestras tarifas. Contamos con m\u00e1s de treinta a\u00f1os \u2026 <a class=\"continue-reading-link\" href=\"https:\/\/delsudeste.com\/\"> Continue reading<\/a><\/p>\n","protected":false},"author":1,"featured_media":0,"parent":0,"menu_order":0,"comment_status":"closed","ping_status":"open","template":"templates\/template-onecolumn.php","meta":{"footnotes":""},"class_list":["post-2","page","type-page","status-publish","hentry"],"_links":{"self":[{"href":"https:\/\/delsudeste.com\/index.php?rest_route=\/wp\/v2\/pages\/2","targetHints":{"allow":["GET"]}}],"collection":[{"href":"https:\/\/delsudeste.com\/index.php?rest_route=\/wp\/v2\/pages"}],"about":[{"href":"https:\/\/delsudeste.com\/index.php?rest_route=\/wp\/v2\/types\/page"}],"author":[{"embeddable":true,"href":"https:\/\/delsudeste.com\/index.php?rest_route=\/wp\/v2\/users\/1"}],"replies":[{"embeddable":true,"href":"https:\/\/delsudeste.com\/index.php?rest_route=%2Fwp%2Fv2%2Fcomments&post=2"}],"version-history":[{"count":34,"href":"https:\/\/delsudeste.com\/index.php?rest_route=\/wp\/v2\/pages\/2\/revisions"}],"predecessor-version":[{"id":179,"href":"https:\/\/delsudeste.com\/index.php?rest_route=\/wp\/v2\/pages\/2\/revisions\/179"}],"wp:attachment":[{"href":"https:\/\/delsudeste.com\/index.php?rest_route=%2Fwp%2Fv2%2Fmedia&parent=2"}],"curies":[{"name":"wp","href":"https:\/\/api.w.org\/{rel}","templated":true}]}}